 8. What is p(3)?
209
Let v(q) = -q**2 + 31191*q - 779156. Calculate v(25).
-6
Let j(z) = 24160*z - 16984479. What is j(703)?
1
Let k(w) = -2*w**3 + 12*w**2 + 206*w - 984. Determine k(5).
96
Let w(m) = 6099*m - 432996. What is w(71)?
33
Let c(g) = g**2 - 263*g + 211. What is c(255)?
-1829
Let i(x) = 573*x + 3351. Give i(-6).
-87
Let y(d) = -d**3 + 588*d**2 - 2078*d + 188958. Determine y(585).
3
Let w(h) = h**3 + 4*h**2 - 37*h - 1. Give w(-7).
111
Let x(y) = 433*y**2 + 15578*y + 114. What is x(-36)?
474
Let z(k) = 734*k - 26434. Give z(36).
-10
Let g(n) = 275*n + 33520. Determine g(-122).
-30
Let o(n) = -n**3 - 13*n**2 + 897*n + 13039. Give o(-15).
34
Let o(j) = -6205*j + 136546. Calculate o(22).
36
Let m(n) = n**3 + 122*n**2 - 3163*n - 135. Determine m(22).
-25
Let k(b) = b**2 - 6226*b - 99662. Give k(-16).
210
Let y(g) = -12*g**3 + 28*g**2 + 119*g - 339. Calculate y(3).
-54
Let a(c) = -10*c**2 - 13799*c + 55377. Determine a(4).
21
Let m(y) = 399*y**2 - 8797*y + 64. Determine m(22).
-354
Let b(r) = 176*r - 46. Give b(3).
482
Let b(q) = -3*q**3 - 946*q**2 + 633*q + 261. Determine b(-316).
-55
Let s(r) = -r**3 + 84*r**2 - 1712*r - 764. Calculate s(48).
4
Let a(o) = -o**3 + 15*o**2 + 107*o + 263. Calculate a(18).
1217
Let t(q) = 4691*q + 31483. What is t(-6)?
3337
Let l(w) = 2*w**3 - 19*w**2 - 1130*w + 13. What is l(29)?
42
Let j(p) = -3*p**3 - 31*p**2 + 38*p - 295. Calculate j(-12).
-31
Let v(x) = -785*x + 50757. What is v(66)?
-1053
Let y(c) = 38*c**3 - 172*c**2 + 51*c - 169. Determine y(4).
-285
Let w(m) = 21*m**3 + 802*m**2 - 666*m - 115. Calculate w(-39).
2
Let u(k) = k**3 + 174*k**2 + 525*k + 1420. What is u(-171)?
-632
Let l(r) = r**3 + 340*r**2 + 3612*r - 2280. Determine l(-329).
23
Let s(l) = -118933*l + 5589841. Calculate s(47).
-10
Let p(m) = -746*m**2 + 12675*m + 79. What is p(17)?
-40
Let r(u) = 3*u**2 - 599*u + 2030. Calculate r(193).
-1830
Let y(m) = -18*m**2 + 2585*m + 1136. What is y(144)?
128
Let v(p) = 6*p**2 + 45824*p - 91647. Determine v(2).
25
Let x(p) = -17*p**2 - 2610*p - 2596. What is x(-1)?
-3
Let q(t) = 19917*t + 7409132. Give q(-372).
8
Let c(q) = -32*q**2 + 876*q + 877. Calculate c(-1).
-31
Let w(t) = -77*t**2 + 12168*t - 159. What is w(158)?
157
Let c(b) = 5671*b + 5376124. Give c(-948).
16
Let z(v) = -5*v**2 + 691*v - 12911. Give z(23).
337
Let y(f) = 57*f**2 - 6950*f - 510. What is y(122)?
-22
Let u(o) = -2*o**3 - 22*o**2 + 110*o - 1505. Calculate u(-17).
93
Let f(m) = 34241*m + 1403913. Calculate f(-41).
32
Let g(v) = 2*v**3 - 117*v**2 + 80*v + 1586. Give g(58).
2862
Let r(q) = 12149*q - 72911. Calculate r(6).
-17
Let r(f) = 2*f**3 + 1155*f**2 + 6061*f - 132113. What is r(-572)?
19
Let n(k) = -2*k**3 - 178*k**2 - 179*k - 669. What is n(-88)?
-405
Let h(r) = 7090*r + 49933. Give h(-7).
303
Let z(w) = -w**3 + 6*w**2 - 157*w + 3839. Calculate z(16).
-1233
Let g(n) = -969*n - 79443. Give g(-82).
15
Let p(g) = 4*g**3 - 109*g**2 - 126*g + 1169. What is p(28)?
-7
Let l(r) = -7416*r + 47614. What is l(7)?
-4298
Let a(g) = -3*g**2 - 313*g - 1838. What is a(-98)?
24
Let m(b) = b**3 - 9*b**2 + 729*b - 8249. Determine m(11).
12
Let k(u) = u**3 - 6*u**2 - 593*u - 247. Determine k(28).
397
Let x(u) = 9*u**2 + 148*u + 2145. Give x(-14).
1837
Let g(j) = 5*j**3 + 21*j**2 + 488*j + 1920. Give g(-4).
-16
Let q(p) = 26*p**3 + 239*p**2 + 51*p - 13. What is q(-9)?
-67
Let d(z) = -1700*z - 27035. Calculate d(-16).
165
Let k(u) = -208693*u + 5843404. Determine k(28).
0
Let i(p) = p**2 + 2538*p - 87457. What is i(34)?
-9
Let w(x) = x**3 - 14*x**2 + 457*x - 2854. Give w(7).
2
Let j(n) = n**2 - 10651*n - 331192. Calculate j(-31).
-50
Let n(m) = m**3 + 74*m**2 + 457*m - 22. Give n(-6).
-316
Let z(f) = 55*f - 377. Calculate z(8).
63
Let r(z) = 12*z**3 - 84*z**2 + 107*z - 20. Determine r(6).
190
Let v(l) = 3*l**3 - l**2 - 853*l + 4862. What is v(6)?
356
Let z(g) = 2*g**3 + 6*g**2 + 4*g + 100. What is z(8)?
1540
Let f(y) = 2*y**3 - 23*y**2 - 211*y + 2393. What is f(12)?
5
Let h(u) = -877883*u - 877886. Determine h(-1).
-3
Let v(p) = -p**3 - 31*p**2 - 1232*p - 36060. What is v(-30)?
0
Let w(m) = 180*m**2 + 24*m - 10. Calculate w(-2).
662
Let j(u) = 6751*u - 148480. Determine j(22).
42
Let l(p) = -p**3 + 15*p**2 + 61*p - 313. Calculate l(19).
-598
Let p(g) = g**2 - 342395*g + 45862967. Give p(134).
-7
Let b(h) = 82*h - 2131. Calculate b(26).
1
Let i(j) = -5561*j**2 - 49978*j - 15. Give i(-9).
-654
Let c(d) = d**2 - 266*d - 4518. What is c(-16)?
-6
Let u(b) = -223874*b - 1567158. Calculate u(-7).
-40
Let r(q) = -17493*q + 34994. Determine r(2).
8
Let u(v) = -v**3 + 20*v**2 + 20*v + 334. Calculate u(20).
734
Let r(w) = w**3 - 70*w**2 + 1171*w + 154. Calculate r(28).
14
Let y(q) = 3*q**2 + 274*q + 366. Determine y(-90).
6
Let o(p) = 251*p**2 - 5143*p - 3. Give o(21).
2685
Let c(m) = -254*m**2 - 1832*m - 144. Calculate c(-7).
234
Let j(q) = -220*q**2 - 1310*q + 69. Determine j(-6).
9
Let p(c) = -c**3 - 16*c**2 + 69*c - 63. What is p(-21)?
693
Let b(p) = 34671*p + 3813889. Determine b(-110).
79
Let t(b) = 4*b**2 + 2690*b - 2419072. What is t(511)?
2
Let j(a) = -4274*a**2 - 17101*a + 3. Calculate j(-4).
23
Let n(r) = -3*r**2 + 470*r - 10017. Calculate n(23).
-794
Let u(l) = -5613*l - 84045. Determine u(-15).
150
Let k(o) = 3*o**2 - 333*o + 691. Give k(108).
-281
Let l(h) = 2*h**2 + 82*h - 7472. What is l(-88)?
800
Let t(w) = -81*w - 1113. Determine t(-7).
-546
Let i(d) = -25004*d + 399598. What is i(16)?
-466
Let n(k) = k**3 - 113*k**2 + 455*k + 431. What is n(5)?
6
Let r(f) = -f**3 + 60*f**2 - 260*f - 41. Give r(54).
3415
Let h(k) = -7*k**3 + k**2 - 10*k + 3. Calculate h(-5).
953
Let k(x) = -x**3 + 76*x**2 + 2782*x - 208268. Give k(77).
17
Let c(w) = -28*w**2 - 718*w - 4497. What is c(-16)?
-177
Let b(y) = -24*y**3 + 264*y**2 + 30*y - 379. Give b(11).
-49
Let m(g) = -1492*g + 16068. Determine m(11).
-344
Let f(w) = 3*w**3 + 174*w**2 - 704*w + 134. Give f(-62).
-2346
Let k(g) = -51*g**2 - 2549*g + 193. What is k(-50)?
143
Let v(l) = l**3 + 25*l**2 + 130*l - 31. Give v(-17).
71
Let z(c) = 16407*c - 721911. Give z(44).
-3
Let y(k) = 130556*k - 3002789. Determine y(23).
-1
Let k(b) = -5721*b + 74357. Determine k(13).
-16
Let u(o) = -o**3 + 820*o**2 + 2575*o - 87245. What is u(823)?
-7
Let p(h) = h**3 + 26*h**2 + 322*h + 1692. Give p(-9).
171
Let c(b) = b**3 + 58*b**2 + 112*b + 59. Calculate c(-56).
59
Let s(t) = -72*t**2 + 241*t - 65. What is s(4)?
-253
Let g(p) = -p**3 + 197*p**2 - 9606*p + 71. What is g(108)?
719
Let c(d) = d**3 - 134*d**2 + 268*d + 393. What is c(132)?
921
Let u(h) = h**3 + 31*h**2 + 19722*h + 590762. Determine u(-30).
2
Let s(f) = f**2 + 16*f - 514. Calculate s(-33).
47
Let h(x) = -2*x**3 + 12*x**2 + 4*x + 593. Determine h(0).
593
Let u(w) = w**3 + 38*w**2 - 199*w - 1459. Calculate u(-42).
-157
Let h(u) = -408273*u + 3674464. Give h(9).
7
Let h(u) = 555*u + 149953. Give h(-273).
-1562
Let x(w) = -3887*w - 27304. What is x(-7)?
-95
Let u(j) = 10*j**2 - 175*j - 169. What is u(16)?
-409
Let w(x) = -2178*x + 1849156. Give w(849).
34
Let b(w) = 11*w**2 - 1735*w + 52. Give b(156).
-2912
Let l(a) = a**3 + 54*a**2 - 139*a - 585. What is l(-56)?
927
Let j(d) = 1036*d + 179236. Calculate j(-173).
8
Let d(z) = -271*z + 484. What is d(0)?
484
Let n(u) = u**2 - 201*u + 2199. Calculate n(10).
289
Let g(j) = -723*j - 14134. Calculate g(-20).
326
Let k(h) = 11*h**2 - 160*h - 2671. Determine k(24).
-175
Let o(k) = 2*k**3 + 64*k**2 - 109*k - 3379. Determine o(-32).
109
Let t(a) = -283*a + 81537. Give t(292).
-1099
Let h(k) = 5*k**2 - 763*k + 2791. Give h(149).
109
Let o(i) = i**3 - 32*i**2 + 938*i - 30026. Determine o(32).
-10
Let c(k) = 7014*k + 6361697. Give c(-907).
-1
Let t(n) = -2986*n + 3625. Determine t(2).
-2347
Let j(s) = 16*s**3 + 43*s**2 - 60*s + 15. Determine j(1).
14
Let l(m) = -m**3 - 28*m**2 - 254*m - 18. Determine l(-10).
722
Let i(g) = -99*g**2 + 5252*g - 212. Calculate i(53).
53
Let d(x) = -x**2 + 271*x + 2604. What is d(-9)?
84
Let c(p) = -17*p**3 + 5*p**2 + 274*p - 1089. What is c(4)?
-1001
Let h(l) = l**3 + 46*l**2 - 3538*l - 164098. What is h(-47)?
-21
Let o(t) = 2*t**3 - 31*t**2 + 15*t + 177. Give o(14).
-201
Let h(o) = -45*o**2 + 952*o - 952. Calculate h(1).
-45
Let y(k) = -k**3 - 211*k**2 - 9397*k - 23697. Calculate y(-149